{"id":19772,"date":"2021-07-28T09:37:51","date_gmt":"2021-07-28T07:37:51","guid":{"rendered":"https:\/\/www.goyaproducciones.com\/?post_type=portfolio_page&#038;p=19772"},"modified":"2025-06-17T13:50:23","modified_gmt":"2025-06-17T11:50:23","slug":"pilgrim-galicia-the-portuguese-route-of-st-james","status":"publish","type":"portfolio_page","link":"https:\/\/www.goyaproducciones.com\/en\/portfolio_page\/pilgrim-galicia-the-portuguese-route-of-st-james\/","title":{"rendered":"Pilgrim Galicia. The Portuguese Route of St. James"},"content":{"rendered":"<div class=\"wpb-content-wrapper\"><p>[vc_row css_animation=&#8221;&#8221; row_type=&#8221;row&#8221; use_row_as_full_screen_section=&#8221;no&#8221; type=&#8221;full_width&#8221; angled_section=&#8221;no&#8221; text_align=&#8221;left&#8221; background_image_as_pattern=&#8221;without_pattern&#8221;][vc_column][vc_separator type=&#8221;normal&#8221; color=&#8221;#ffffff&#8221;][\/vc_column][\/vc_row][vc_row css_animation=&#8221;&#8221; row_type=&#8221;row&#8221; use_row_as_full_screen_section=&#8221;no&#8221; type=&#8221;full_width&#8221; angled_section=&#8221;no&#8221; text_align=&#8221;left&#8221; background_image_as_pattern=&#8221;without_pattern&#8221;][vc_column width=&#8221;1\/12&#8243;][\/vc_column][vc_column width=&#8221;1\/4&#8243;][vc_single_image source=&#8221;featured_image&#8221; img_size=&#8221;large&#8221; alignment=&#8221;center&#8221; onclick=&#8221;link_image&#8221; css=&#8221;&#8221; qode_css_animation=&#8221;&#8221; qode_hover_animation=&#8221;zoom_in&#8221;][vc_empty_space height=&#8221;20px&#8221;][\/vc_column][vc_column width=&#8221;7\/12&#8243;][vc_column_text css=&#8221;&#8221;]<\/p>\n<h1>Pilgrim Galicia<\/h1>\n<h4>The Portuguese Route of St. James<\/h4>\n<p>[\/vc_column_text][vc_empty_space height=&#8221;20px&#8221;][vc_column_text css=&#8221;&#8221;]This documentary produced by Qu\u00e9 m\u00e1s Ver studio and directed by Cristina Mar\u00f3 brings the viewer closer to the true meaning of doing the Way of St. James.<\/p>\n<p>On this trip, Cristina Mar\u00f3, together with all the pilgrims she meets along the Way, discovers the natural, cultural, local and social beauty of the different routes in Galicia leading to Santiago de Compostela.<\/p>\n<p>In this adventure along the Portuguese route we will be able to enjoy the two variants of this route: one through the interior, a greener and more rural route and the other one along the coast, a variant with the smell of the sea and enjoying the beautiful views of the Atlantic Ocean.[\/vc_column_text][vc_empty_space height=&#8221;20px&#8221;][vc_column_text]<strong>Available in:<\/strong>[\/vc_column_text][vc_row_inner row_type=&#8221;row&#8221; type=&#8221;full_width&#8221; text_align=&#8221;left&#8221; css_animation=&#8221;&#8221;][vc_column_inner width=&#8221;1\/3&#8243;][vc_column_text css=&#8221;&#8221;]<\/p>\n<p style=\"text-align: left;\"><a title=\"Plataforma Famiplay\" href=\"https:\/\/ver.famiplay.com\/content\/documentales\/galicia-peregrina?utm_source=goyaproducciones.com\" target=\"_blank\" rel=\"noreferrer noopener\"><img decoding=\"async\" style=\"border: 0pt none; vertical-align: middle; margin: 1px;\" title=\"Plataforma Famiplay\" src=\"\/img\/botones-productos-famiplay-eng.png\" alt=\"ver video\" width=\"200\" border=\"0\" \/><\/a><br \/>\n<span style=\"font-size: .8125rem; padding-left: 15px;\">(Available only in Spanish)<\/span><\/p>\n<p>[\/vc_column_text][vc_empty_space height=&#8221;20px&#8221;][\/vc_column_inner][vc_column_inner width=&#8221;1\/3&#8243;][\/vc_column_inner][vc_column_inner width=&#8221;1\/3&#8243;][\/vc_column_inner][\/vc_row_inner][\/vc_column][vc_column width=&#8221;1\/12&#8243;][\/vc_column][\/vc_row][vc_row css_animation=&#8221;&#8221; row_type=&#8221;row&#8221; use_row_as_full_screen_section=&#8221;no&#8221; type=&#8221;full_width&#8221; angled_section=&#8221;no&#8221; text_align=&#8221;left&#8221; background_image_as_pattern=&#8221;without_pattern&#8221;][vc_column][vc_column_text]<\/p>\n<p style=\"text-align: justify;\">[\/vc_column_text][\/vc_column][\/vc_row][vc_row css_animation=&#8221;&#8221; row_type=&#8221;row&#8221; use_row_as_full_screen_section=&#8221;no&#8221; type=&#8221;full_width&#8221; angled_section=&#8221;no&#8221; text_align=&#8221;left&#8221; background_image_as_pattern=&#8221;without_pattern&#8221;][vc_column width=&#8221;1\/12&#8243;][\/vc_column][vc_column width=&#8221;1\/4&#8243;][vc_text_separator title=&#8221;DATA SHEET&#8221; title_align=&#8221;separator_align_left&#8221; border=&#8221;no&#8221;][vc_empty_space height=&#8221;10px&#8221;][vc_column_text css=&#8221;&#8221;]<strong>Original title:<\/strong> Galicia Peregrina. La Ruta Portuguesa de Santiago<br \/>\n<strong>Genre:<\/strong>\u00a0Documentary<br \/>\n<strong>Duration:<\/strong>\u00a042 min.<br \/>\n<strong>Languages:<\/strong>\u00a0Spanish<br \/>\n<strong>Subtitles:<\/strong> English<br \/>\n<strong>System:<\/strong>\u00a0PAL<br \/>\n<strong>Year:<\/strong>\u00a02021<br \/>\n<strong>Produced by:<\/strong>\u00a0Qu\u00e9 m\u00e1s Ver<br \/>\n<strong>Directed by:<\/strong>\u00a0Cristina Mar\u00f3<br \/>\n<strong>Rated:<\/strong>\u00a0PG[\/vc_column_text][\/vc_column][vc_column width=&#8221;7\/12&#8243;][vc_text_separator title=&#8221;TRAILER&#8221; title_align=&#8221;separator_align_left&#8221; border=&#8221;no&#8221;][vc_empty_space height=&#8221;10px&#8221;][vc_video link=&#8221;https:\/\/youtu.be\/86WxbGGL7i4&#8243; css=&#8221;&#8221;][\/vc_column][vc_column width=&#8221;1\/12&#8243;][vc_column_text]<br \/>\n[\/vc_column_text][\/vc_column][\/vc_row]<\/p>\n<\/div>","protected":false},"excerpt":{"rendered":"<p>This documentary produced by Qu\u00e9 m\u00e1s Ver studio and directed by Cristina Mar\u00f3 brings the viewer closer to the true meaning of doing the Way of St. James&#8230;<\/p>\n","protected":false},"author":12,"featured_media":19774,"menu_order":0,"comment_status":"open","ping_status":"open","template":"","portfolio_category":[506],"portfolio_tag":[],"class_list":["post-19772","portfolio_page","type-portfolio_page","status-publish","has-post-thumbnail","hentry","portfolio_category-distribution"],"_links":{"self":[{"href":"https:\/\/www.goyaproducciones.com\/en\/wp-json\/wp\/v2\/portfolio_page\/19772","targetHints":{"allow":["GET"]}}],"collection":[{"href":"https:\/\/www.goyaproducciones.com\/en\/wp-json\/wp\/v2\/portfolio_page"}],"about":[{"href":"https:\/\/www.goyaproducciones.com\/en\/wp-json\/wp\/v2\/types\/portfolio_page"}],"author":[{"embeddable":true,"href":"https:\/\/www.goyaproducciones.com\/en\/wp-json\/wp\/v2\/users\/12"}],"replies":[{"embeddable":true,"href":"https:\/\/www.goyaproducciones.com\/en\/wp-json\/wp\/v2\/comments?post=19772"}],"wp:featuredmedia":[{"embeddable":true,"href":"https:\/\/www.goyaproducciones.com\/en\/wp-json\/wp\/v2\/media\/19774"}],"wp:attachment":[{"href":"https:\/\/www.goyaproducciones.com\/en\/wp-json\/wp\/v2\/media?parent=19772"}],"wp:term":[{"taxonomy":"portfolio_category","embeddable":true,"href":"https:\/\/www.goyaproducciones.com\/en\/wp-json\/wp\/v2\/portfolio_category?post=19772"},{"taxonomy":"portfolio_tag","embeddable":true,"href":"https:\/\/www.goyaproducciones.com\/en\/wp-json\/wp\/v2\/portfolio_tag?post=19772"}],"curies":[{"name":"wp","href":"https:\/\/api.w.org\/{rel}","templated":true}]}}

<div class="wpb-content-wrapper"><p>[vc_row css_animation=&#8221;&#8221; row_type=&#8221;row&#8221; use_row_as_full_screen_section=&#8221;no&#8221; type=&#8221;full_width&#8221; angled_section=&#8221;no&#8221; text_align=&#8221;left&#8221; background_image_as_pattern=&#8221;without_pattern&#8221;][vc_column][vc_separator type=&#8221;normal&#8221; color=&#8221;#ffffff&#8221;][/vc_column][/vc_row][vc_row css_animation=&#8221;&#8221; row_type=&#8221;row&#8221; use_row_as_full_screen_section=&#8221;no&#8221; type=&#8221;full_width&#8221; angled_section=&#8221;no&#8221; text_align=&#8221;left&#8221; background_image_as_pattern=&#8221;without_pattern&#8221;][vc_column width=&#8221;1/12&#8243;][/vc_column][vc_column width=&#8221;1/4&#8243;][vc_single_image source=&#8221;featured_image&#8221; img_size=&#8221;large&#8221; alignment=&#8221;center&#8221; onclick=&#8221;link_image&#8221; css=&#8221;&#8221; qode_css_animation=&#8221;&#8221; qode_hover_animation=&#8221;zoom_in&#8221;][vc_empty_space height=&#8221;20px&#8221;][/vc_column][vc_column width=&#8221;7/12&#8243;][vc_column_text css=&#8221;&#8221;]</p>
<h1>Pilgrim Galicia</h1>
<h4>The Portuguese Route of St. James</h4>
<p>[/vc_column_text][vc_empty_space height=&#8221;20px&#8221;][vc_column_text css=&#8221;&#8221;]This documentary produced by Qué más Ver studio and directed by Cristina Maró brings the viewer closer to the true meaning of doing the Way of St. James.</p>
<p>On this trip, Cristina Maró, together with all the pilgrims she meets along the Way, discovers the natural, cultural, local and social beauty of the different routes in Galicia leading to Santiago de Compostela.</p>
<p>In this adventure along the Portuguese route we will be able to enjoy the two variants of this route: one through the interior, a greener and more rural route and the other one along the coast, a variant with the smell of the sea and enjoying the beautiful views of the Atlantic Ocean.[/vc_column_text][vc_empty_space height=&#8221;20px&#8221;][vc_column_text]<strong>Available in:</strong>[/vc_column_text][vc_row_inner row_type=&#8221;row&#8221; type=&#8221;full_width&#8221; text_align=&#8221;left&#8221; css_animation=&#8221;&#8221;][vc_column_inner width=&#8221;1/3&#8243;][vc_column_text css=&#8221;&#8221;]</p>
<p style="text-align: left;"><a title="Plataforma Famiplay" href="https://ver.famiplay.com/content/documentales/galicia-peregrina?utm_source=goyaproducciones.com" target="_blank" rel="noreferrer noopener"><img decoding="async" style="border: 0pt none; vertical-align: middle; margin: 1px;" title="Plataforma Famiplay" src="/img/botones-productos-famiplay-eng.png" alt="ver video" width="200" border="0" /></a><br />
<span style="font-size: .8125rem; padding-left: 15px;">(Available only in Spanish)</span></p>
<p>[/vc_column_text][vc_empty_space height=&#8221;20px&#8221;][/vc_column_inner][vc_column_inner width=&#8221;1/3&#8243;][/vc_column_inner][vc_column_inner width=&#8221;1/3&#8243;][/vc_column_inner][/vc_row_inner][/vc_column][vc_column width=&#8221;1/12&#8243;][/vc_column][/vc_row][vc_row css_animation=&#8221;&#8221; row_type=&#8221;row&#8221; use_row_as_full_screen_section=&#8221;no&#8221; type=&#8221;full_width&#8221; angled_section=&#8221;no&#8221; text_align=&#8221;left&#8221; background_image_as_pattern=&#8221;without_pattern&#8221;][vc_column][vc_column_text]</p>
<p style="text-align: justify;">[/vc_column_text][/vc_column][/vc_row][vc_row css_animation=&#8221;&#8221; row_type=&#8221;row&#8221; use_row_as_full_screen_section=&#8221;no&#8221; type=&#8221;full_width&#8221; angled_section=&#8221;no&#8221; text_align=&#8221;left&#8221; background_image_as_pattern=&#8221;without_pattern&#8221;][vc_column width=&#8221;1/12&#8243;][/vc_column][vc_column width=&#8221;1/4&#8243;][vc_text_separator title=&#8221;DATA SHEET&#8221; title_align=&#8221;separator_align_left&#8221; border=&#8221;no&#8221;][vc_empty_space height=&#8221;10px&#8221;][vc_column_text css=&#8221;&#8221;]<strong>Original title:</strong> Galicia Peregrina. La Ruta Portuguesa de Santiago<br />
<strong>Genre:</strong> Documentary<br />
<strong>Duration:</strong> 42 min.<br />
<strong>Languages:</strong> Spanish<br />
<strong>Subtitles:</strong> English<br />
<strong>System:</strong> PAL<br />
<strong>Year:</strong> 2021<br />
<strong>Produced by:</strong> Qué más Ver<br />
<strong>Directed by:</strong> Cristina Maró<br />
<strong>Rated:</strong> PG[/vc_column_text][/vc_column][vc_column width=&#8221;7/12&#8243;][vc_text_separator title=&#8221;TRAILER&#8221; title_align=&#8221;separator_align_left&#8221; border=&#8221;no&#8221;][vc_empty_space height=&#8221;10px&#8221;][vc_video link=&#8221;https://youtu.be/86WxbGGL7i4&#8243; css=&#8221;&#8221;][/vc_column][vc_column width=&#8221;1/12&#8243;][vc_column_text]<br />
[/vc_column_text][/vc_column][/vc_row]</p>
</div>

<p>This documentary produced by Qué más Ver studio and directed by Cristina Maró brings the viewer closer to the true meaning of doing the Way of St. James&#8230;</p>
